 a?
3, 47
Let i = 8 - 3. Suppose 5 = i*w - 5. Suppose -4*f = -4*r - 56, w*f + 4*r = r + 18. List the prime factors of f.
2, 3
What are the prime factors of 389/3 + 6/(-9)?
3, 43
Let y = 169 - 99. Suppose 10 = 5*p - 2*a, -2*p - 3*a - 15 = p. Suppose -5*n + y = -p*n. List the prime factors of n.
2, 7
Suppose 3*c = 276 - 6. Let w = c + -63. What are the prime factors of w?
3
Let u = -314 + 529. Suppose 0 = 3*a + 2*a - u. What are the prime factors of a?
43
Let z(u) be the first derivative of u**3/3 + 5*u**2/2 + 3*u + 3. Let h be z(-5). Suppose 5*r - r - 2*j = 58, -59 = -4*r + h*j. What are the prime factors of r?
2, 7
Suppose 115 = -r + 6*r. List the prime factors of r.
23
Suppose -53 = -o - 18. What are the prime factors of o?
5, 7
Let o be (-2)/6 + 16/(-6). Let t = 8 + o. Let r(x) = -x**3 + 5*x**2 + 3*x - 3. What are the prime factors of r(t)?
2, 3
Let n = -1 + 4. Let r(q) = -n*q**3 + 3*q - 8*q**2 + 10 + 2*q**3 - 9*q. List the prime factors of r(-7).
3
Suppose 0 = -2*u + u. Suppose u*y + 5*y - 15 = 0. List the prime factors of y.
3
Let u(i) = i. Let y be u(5). Suppose 6 + y = o. What are the prime factors of o?
11
Let a(y) = 4 + 2 - 2*y + y - 4. Suppose -3*g = 36 - 12. List the prime factors of a(g).
2, 5
Suppose 292 = 104*f - 100*f. What are the prime factors of f?
73
Let s(o) = o**2 + 6*o + 3. What are the prime factors of s(-6)?
3
Let d(h) = 2*h**2 + 9*h - 2. Suppose 0 = -4*q + y - 2*y - 28, 5*q + 35 = 2*y. What are the prime factors of d(q)?
3, 11
Suppose 2*t - 5*b - 13 = 0, 3*b - 3 = -18. What are the prime factors of ((-15)/t)/((-1)/(-2))?
5
Let o(g) = 16*g + 0*g**2 - g**2 + 3 - 11*g. Let a be o(5). List the prime factors of (-24)/9*a/(-2).
2
Let f(w) = -6*w - 2. Let y(l) = 1. Let x(t) = -t - 9. Let s(b) = -x(b) - 6*y(b). Let p be s(-5). List the prime factors of f(p).
2, 5
What are the prime factors of ((-238)/(-4))/(1*(-1)/(-6))?
3, 7, 17
Suppose 4*q - 702 = 10*x - 9*x, 5*q + 3*x - 886 = 0. List the prime factors of q.
2, 11
Let m(d) = -8*d**3 - d**2 - d - 1. Let j be m(-1). Let h(l) = -3 - 2*l + 4*l**2 - 3*l**2 + j*l. What are the prime factors of h(-6)?
3
Suppose j + 14 = 2*j. List the prime factors of j.
2, 7
Suppose 0 = -4*s + 8, -33 = -6*t + t - 4*s. Suppose t*r - 29 = 126. List the prime factors of r.
31
Let b(f) = -4*f**3 + f**2 + 5*f + 8. What are the prime factors of b(-3)?
2, 5, 11
Suppose 4 = n - 1. Suppose 10*o = n*o + 35. Suppose 13 = 2*w - o. What are the prime factors of w?
2, 5
Let f be 574/35 - 2/5. Suppose 5*a - f = 54. What are the prime factors of a?
2, 7
Suppose -3*l + 3*r + 274 = -2*l, -r = -2*l + 573. List the prime factors of l.
17
Let n = 11 - 6. What are the prime factors of n?
5
Suppose -118 = 7*p - 1056. List the prime factors of p.
2, 67
Suppose 0 = 2*j - 4 - 0. Suppose 3*x - 33 = -2*t, 3*x - 9 = j*t + 24. List the prime factors of x.
11
What are the prime factors of -8*(4 + -8) - 3?
29
Suppose j - 32 = -3*j. Let h(f) = -f**2 + 12*f - 8. What are the prime factors of h(j)?
2, 3
Let z(x) = x**2 + x - 6. What are the prime factors of z(6)?
2, 3
Suppose 0*f - 4*v = -3*f + 6, -2*f + 2*v + 4 = 0. List the prime factors of f/5*(-3 + 13).
2
Suppose 0*r + 75 = 3*r. List the prime factors of r.
5
Let u be (-4)/18 - (-6)/27. Suppose -2*h = -5*v + 8, -2*h - h + 3*v - 12 = u. Let x = h + 15. List the prime factors of x.
11
Let k = -14 + 23. List the prime factors of k.
3
Let f(g) = g**3 - 8*g**2 + 9*g + 6. Let z be f(7). Suppose -5*j - 4*i + z = 0, -3*j + 3*i + 14 = 5*i. What are the prime factors of j?
2
Let d(h) = 67*h**3 + 3*h**2 - 2*h. What are the prime factors of d(1)?
2, 17
Let b(v) be the first derivative of 3*v**2/2 - 7. Let r = 8 - 4. What are the prime factors of b(r)?
2, 3
Suppose 67 = 5*q - 148. Suppose 2*o + 6*w = w + 100, -q = -o + w. List the prime factors of o.
3, 5
Suppose w - 4*w + 6 = 0. Suppose -w*k = -z - 1, -2*z = -3*z + 5*k - 7. Suppose 0 = z*c + 2*h - 12, 0*h - 3*h + 9 = 3*c. What are the prime factors of c?
2, 3
Let g(w) be the second derivative of w**5/20 - w**4/4 + w**3/2 - w**2 + 2*w. Let f be g(5). Suppose 9 = 4*d - f. What are the prime factors of d?
2, 3
Let o(t) = 1 + 2 + 3*t + 2*t - 2*t. What are the prime factors of o(6)?
3, 7
Let p be 5 + -3 + -2 + -15. Let s = p + 45. List the prime factors of s.
2, 3, 5
Let q be (2/2)/(3/15). Suppose 38 = q*u + 3*i, -u + 8 = -4*i - 18. List the prime factors of u.
2, 5
Let w = 77 + -26. What are the prime factors of w?
3, 17
List the prime factors of (2/3)/(1/6).
2
Suppose -50 = -5*b - 5*n, -3*b + 22 = -n - 8. What are the prime factors of b?
2, 5
Let s(g) = -1 - 4*g + 2*g + 0. Let p(t) = 8*t + 5. Let f(m) = -6*p(m) - 26*s(m). What are the prime factors of f(3)?
2
Let r = 345 - 205. Suppose -3*k = 2*k - r. List the prime factors of k.
2, 7
Let b be (6/(-12))/(2/(-300)). Suppose -r + 3*r - 4*n - 20 = 0, -4*r + n = -b. Suppose 3*p - 52 = -5*m, -m - 5 = -4*p - r. List the prime factors of m.
11
Let k = 8 + -1. Suppose 0 = 3*l - 4*p - 27 - 0, -4*l + 2*p + 26 = 0. Suppose l*z - 8 = k. List the prime factors of z.
3
Let g(s) = 6*s**2 - s - 2. Let r be g(2). Suppose r = 4*v - 4*z, -z + 4*z + 18 = 4*v. Suppose -3*c - v + 24 = 0. What are the prime factors of c?
7
Let t be ((-15)/10)/(3/(-2)). Suppose t + 21 = k. List the prime factors of k.
2, 11
Let t(c) = -c**2 + 4*c + 3. Let b be t(5). Let i(a) = 5*a + 3. Let v be i(b). Let p = v + 15. What are the prime factors of p?
2
Let s = -4 - -3. What are the prime factors of ((-42)/(-18))/(s/(-3))?
7
Let k be 130/20 - 2/(-4). What are the prime factors of 2/k + (-309)/(-21)?
3, 5
List the prime factors of 3/(-9)*(-153)/1.
3, 17
Let s be (-2)/9 + 48/(-27). Let j be s/(-10) - (-96)/20. Suppose j = 4*h - 11. List the prime factors of h.
2
Let t be (4/1)/((-2)/(-9)). Let j = 30 - t. List the prime factors of j.
2, 3
Let s = 278 - 97. What are the prime factors of s?
181
Let o = 31 - 19. Let d = 18 - o. Let k = 0 + d. List the prime factors of k.
2, 3
What are the prime factors of ((-24)/8 - 39/2)*-6?
3, 5
Let s(w) = 259*w**3 + 2*w**2 - 4*w + 3. List the prime factors of s(1).
2, 5, 13
Let r be (-2 + 5)/3*9. Let u be (3/r)/(2/12). Suppose -b + 6 = u*b. List the prime factors of b.
2
Let i(z) = -z**3 + 7*z**2 - z + 8. What are the prime factors of i(6)?
2, 19
Let r be 147/(3/1)*3. Let u = r - 88. Suppose 3*x - u = -f, 0 = -3*f - 7 - 5. List the prime factors of x.
3, 7
Suppose -4*k - 4 = 4, -5*k - 35 = -5*b. Suppose -5*h + 30 = 2*u, 0*h = 5*h - b*u - 65. What are the prime factors of h?
2
Suppose 2*p - 4 = -2*c, -4*p - c + 28 = -2*c. What are the prime factors of p?
2, 3
Suppose 0*o + 3*f = -2*o + 56, -5*o - 5*f = -150. List the prime factors of o.
2, 17
Let z = -1 + -2. Let t = z + 3. Let i = t + 7. List the prime factors of i.
7
Suppose 3200 = 4*y + 6*y. What are the prime factors of y?
2, 5
Suppose h = -5*f + 811, 2*f - 5*f + 484 = -2*h. What are the prime factors of f?
2, 3
Let w(v) = -17*v. Let u be w(-2). Let q = -18 + u. What are the prime factors of q?
2
List the prime factors of (-2)/(-4) + (-268)/(-8) + -4.
2, 3, 5
Let u be 7 - ((-18)/3)/3. Suppose 0 = -3*k + 3*j + 66 - u, -4*k - 5*j = -40. List the prime factors of (9 - k)*(-2)/1.
2, 3
Let c be (-119)/(-21) + 4/(-6). Suppose 0 = -c*s + 28 + 47. What are the prime factors of s?
3, 5
Suppose 5*o = 5*y + 5, 0 = 2*o + 2 - 8. What are the prime factors of y?
2
Suppose 0 = 2*j - 0*j + 10. Let r(z) be the third derivative of -z**4/8 - z**3/2 + z**2. List the prime factors of r(j).
2, 3
List the prime factors of (23/2)/(7/14).
23
Let d = -3 - 3. Let y = 10 - d. List the prime factors of y.
2
Let y = 178 + -81. What are the prime factors of y?
97
List the prime factors of -5*-4*9/10.
2, 3
Suppose -3*f - 219 = -3*i, -223 = -3*i - 0*i + 4*f. Let n = i - 21. Suppose n = 5*t - 2*r - r, t - 4*r = -4. List the prime factors of t.
2, 3
Let h(l) be the first derivative of -l**3/3 + l**2/2 + 3*l - 2. Let m be h(3). Let u(j) = j**2 + 2*j. What are the prime factors of u(m)?
3
Suppose -3*v + 65 = 23. Suppose -3*k + v = -k. Let x = k + 2. What are the prime factors of x?
3
Let m = 393 + -279. What are the prime factors of m?
2, 3, 19
Let c(v) = v + 2. Let i be c(0). Let s = -2 + i. Suppose -3*k = k - 3*a + 7, s = 5*k + 4*a - 30. List the prime factors of k.
2
Let f = -21 + 